{"id":14895,"date":"2026-08-20T12:20:51","date_gmt":"2026-08-20T10:20:51","guid":{"rendered":"https:\/\/badabus.com\/?page_id=14895"},"modified":"2026-08-24T13:44:18","modified_gmt":"2026-08-24T11:44:18","slug":"politica-de-privacitat","status":"publish","type":"page","link":"https:\/\/badabus.com\/ca\/politica-de-privacitat\/","title":{"rendered":"Pol\u00edtica de privacitat CAT"},"content":{"rendered":"<div class=\"wpb-content-wrapper\"><p>[vc_row][vc_column css=\u00bb.vc_custom_1545039226449{padding-bottom: 30px !important;}\u00bb][vc_column_text css=\u00bb\u00bb]<\/p>\n<h2 style=\"text-align: center;\"><b>POL\u00cdTICA DE PRIVACITAT<\/b><\/h2>\n<p><span style=\"font-weight: 400;\">La present Pol\u00edtica de Privacitat regula l&#8217;\u00fas del servei del portal d&#8217;Internet amb adre\u00e7a HTTPS:\/\/BADABUS.COM\/, el responsable del qual, a efectes identificatius, \u00e9s:<\/span><\/p>\n<ul>\n<li style=\"font-weight: 400;\" aria-level=\"1\"><span style=\"font-weight: 400;\">Responsable: AUTOCARS BADABUS SL<\/span><\/li>\n<li style=\"font-weight: 400;\" aria-level=\"1\"><span style=\"font-weight: 400;\">NIF: B65519621<\/span><\/li>\n<li style=\"font-weight: 400;\" aria-level=\"1\"><span style=\"font-weight: 400;\">Adre\u00e7a: METALURGIA, 51<\/span><\/li>\n<li style=\"font-weight: 400;\" aria-level=\"1\"><span style=\"font-weight: 400;\">Tel\u00e8fon: 699392034<\/span><\/li>\n<li style=\"font-weight: 400;\" aria-level=\"1\"><span style=\"font-weight: 400;\">Correu electr\u00f2nic: MARIA.BERNADES@BADABUS.COM<\/span><\/li>\n<\/ul>\n<h3><b>1. Finalitat, per a qu\u00e8 tractem les seves dades?<\/b><\/h3>\n<p><span style=\"font-weight: 400;\">A l&#8217;efecte del que preveu el RGPD de 27 d&#8217;abril de 2016 i la LO 3\/2018, tractarem les dades que recollim per a les finalitats seg\u00fcents:<\/span><\/p>\n<ul>\n<li style=\"font-weight: 400;\" aria-level=\"1\"><span style=\"font-weight: 400;\">Contactar amb vost\u00e8 en cas que ens ho demani.<\/span><\/li>\n<li style=\"font-weight: 400;\" aria-level=\"1\"><span style=\"font-weight: 400;\">Gestionar la seva navegaci\u00f3 al web, si escau.<\/span><\/li>\n<li style=\"font-weight: 400;\" aria-level=\"1\"><span style=\"font-weight: 400;\">Enviar-li comunicacions comercials sobre els nostres productes i serveis.<\/span><\/li>\n<\/ul>\n<p><span style=\"font-weight: 400;\">Amb aquesta finalitat, l&#8217;usuari disposar\u00e0 d&#8217;un formulari de registre l&#8217;emplenament del qual legitimar\u00e0 l&#8217;interessat per accedir i gaudir de determinats serveis oferts al web.<\/span><\/p>\n<p><span style=\"font-weight: 400;\">No obstant aix\u00f2, s&#8217;informa l&#8217;usuari que en tot formulari de contacte ser\u00e0 informat de l&#8217;\u00fas que es far\u00e0 de les dades obtingudes i que, si s&#8217;utilitzen per a una finalitat diferent, aquest consentiment s&#8217;obtindr\u00e0 pr\u00e8viament i de manera expressa.<\/span><\/p>\n<p><span style=\"font-weight: 400;\">Si el consentiment de l&#8217;interessat es dona en el context d&#8217;una declaraci\u00f3 escrita que tamb\u00e9 es refereixi a altres assumptes, la sol\u00b7licitud de consentiment es presentar\u00e0 de manera que es distingeixi clarament dels altres assumptes, de forma intel\u00b7ligible i de f\u00e0cil acc\u00e9s, i utilitzant un llenguatge clar i senzill, de conformitat amb l&#8217;article 7.2 del RGPD de 27 d&#8217;abril de 2016.<\/span><\/p>\n<h3><b>2. Legitimaci\u00f3, quina \u00e9s la legitimaci\u00f3 per al tractament de les seves dades?<\/b><\/h3>\n<p><span style=\"font-weight: 400;\">La base legal per al tractament de les seves dades es fonamentar\u00e0 en:<\/span><\/p>\n<ul>\n<li style=\"font-weight: 400;\" aria-level=\"1\"><span style=\"font-weight: 400;\">El consentiment de l&#8217;interessat per al tractament de les seves dades, d&#8217;acord amb l&#8217;article 6.1.a) del Reglament General Europeu de Protecci\u00f3 de Dades.<\/span><\/li>\n<li style=\"font-weight: 400;\" aria-level=\"1\"><span style=\"font-weight: 400;\">L&#8217;execuci\u00f3 necess\u00e0ria d&#8217;un contracte en qu\u00e8 l&#8217;interessat \u00e9s part o l&#8217;aplicaci\u00f3, a petici\u00f3 seva, de mesures precontractuals, d&#8217;acord amb l&#8217;article 6.1.b) del Reglament General Europeu de Protecci\u00f3 de Dades.<\/span><\/li>\n<\/ul>\n<h3><b>3. Destinataris, a qui comuniquem les seves dades?<\/b><\/h3>\n<p><span style=\"font-weight: 400;\">Les dades personals no seran objecte de cessi\u00f3, llevat del compliment d&#8217;obligacions establertes legalment o per donar suport als serveis vinculats a aquest tractament.<\/span><\/p>\n<h3><b>4. Conservaci\u00f3, durant quant de temps conservem les seves dades?<\/b><\/h3>\n<p><span style=\"font-weight: 400;\">Conservarem les seves dades de car\u00e0cter personal durant almenys 5 anys en cas que sigui client i per al compliment estricte de les obligacions legals establertes a la normativa.<\/span><\/p>\n<p><span style=\"font-weight: 400;\">En cas que no sigui client, conservarem les seves dades el temps m\u00ednim indispensable per gestionar la nostra relaci\u00f3.<\/span><\/p>\n<h3><b>5. Drets, quins s\u00f3n els seus drets quan ens facilita les seves dades?<\/b><\/h3>\n<p><span style=\"font-weight: 400;\">Qualsevol persona t\u00e9 dret a obtenir confirmaci\u00f3 sobre si s&#8217;estan tractant dades personals que la concerneixen.<\/span><\/p>\n<p><span style=\"font-weight: 400;\">Les persones interessades tenen dret a accedir a les seves dades personals, aix\u00ed com a sol\u00b7licitar la rectificaci\u00f3 de les dades inexactes o, si escau, sol\u00b7licitar-ne la supressi\u00f3 quan, entre altres motius, les dades ja no siguin necess\u00e0ries per a les finalitats per a les quals es van recollir.<\/span><\/p>\n<p><span style=\"font-weight: 400;\">En determinades circumst\u00e0ncies, les persones interessades podran sol\u00b7licitar la limitaci\u00f3 del tractament de les seves dades; en aquest cas, nom\u00e9s les conservarem per a l&#8217;exercici o la defensa de reclamacions.<\/span><\/p>\n<p><span style=\"font-weight: 400;\">En determinades circumst\u00e0ncies i per motius relacionats amb la seva situaci\u00f3 particular, les persones interessades podran oposar-se al tractament de les seves dades. En aquest cas, deixarem de tractar-les, llevat de motius leg\u00edtims o de l&#8217;exercici o la defensa de possibles reclamacions.<\/span><\/p>\n<p><span style=\"font-weight: 400;\">Les persones interessades podran sol\u00b7licitar la portabilitat de les dades per obtenir les que han proporcionat en un format estructurat, d&#8217;\u00fas com\u00fa i de lectura mec\u00e0nica, per descarregar-les elles mateixes o transmetre-les a una altra entitat.<\/span><\/p>\n<p><span style=\"font-weight: 400;\">La persona interessada pot exercir els seus drets enviant un correu electr\u00f2nic a l&#8217;adre\u00e7a MARIA.BERNADES@BADABUS.COM o, si escau, a l&#8217;adre\u00e7a f\u00edsica METALURGIA, 51.<\/span><\/p>\n<h3><b>6. Consentiment de menors, qu\u00e8 passa si \u00e9s menor d&#8217;edat?<\/b><\/h3>\n<p><span style=\"font-weight: 400;\">En el sup\u00f2sit que algun dels nostres serveis vagi dirigit espec\u00edficament a menors de catorze anys, sol\u00b7licitarem la conformitat dels pares o tutors per a la recollida de les dades personals o, si escau, per al tractament automatitzat de les dades, d&#8217;acord amb l&#8217;article 7 de la LOPDGDD.<\/span><\/p>\n<h3><b>7. Exactitud, veracitat i seguretat de les dades, com tractem les seves dades?<\/b><\/h3>\n<p><span style=\"font-weight: 400;\">L&#8217;Usuari \u00e9s l&#8217;\u00fanic responsable de la veracitat i la correcci\u00f3 de les dades incloses, i ens exonera de qualsevol responsabilitat al respecte. Els usuaris garanteixen i responen, en qualsevol cas, de l&#8217;exactitud, la vig\u00e8ncia i l&#8217;autenticitat de les dades personals facilitades, i es comprometen a mantenir-les degudament actualitzades. L&#8217;usuari accepta proporcionar informaci\u00f3 completa i correcta en els formularis de registre o subscripci\u00f3. No respondrem de la veracitat de les informacions que no siguin d&#8217;elaboraci\u00f3 pr\u00f2pia i de les quals s&#8217;indiqui una altra font, per la qual cosa tampoc no assumim cap responsabilitat pel que fa a hipot\u00e8tics perjudicis que es puguin originar per l&#8217;\u00fas d&#8217;aquesta informaci\u00f3.<\/span><\/p>\n<p><span style=\"font-weight: 400;\">Tamb\u00e9 ens reservem el dret d&#8217;actualitzar, modificar o eliminar la informaci\u00f3 continguda al web, i fins i tot podem limitar o no permetre l&#8217;acc\u00e9s a aquesta informaci\u00f3. No serem responsables de cap dany o perjudici que pugui patir l&#8217;Usuari com a conseq\u00fc\u00e8ncia d&#8217;errors, defectes o omissions en la informaci\u00f3 facilitada pel responsable, sempre que provingui de fonts alienes.<\/span><\/p>\n<p><span style=\"font-weight: 400;\">Les dades es tractaran de manera confidencial i amb la subjecci\u00f3 a mesures t\u00e8cniques i organitzatives de seguretat adequades per evitar-ne l&#8217;alteraci\u00f3, la p\u00e8rdua, el tractament o l&#8217;acc\u00e9s no autoritzat.<\/span><\/p>\n<p><span style=\"font-weight: 400;\">Podr\u00e0 presentar una reclamaci\u00f3 davant l&#8217;Ag\u00e8ncia Espanyola de Protecci\u00f3 de Dades, especialment quan no hagi obtingut satisfacci\u00f3 en l&#8217;exercici dels seus drets, a l&#8217;adre\u00e7a postal i\/o electr\u00f2nica indicada a la p\u00e0gina<\/span><a href=\"http:\/\/www.aepd.es\"> <span style=\"font-weight: 400;\">www.aepd.es<\/span><\/a><span style=\"font-weight: 400;\">.<\/span>[\/vc_column_text][\/vc_column][\/vc_row][vc_row row_fullwidth=\u00bb1&#8243; row_zero_column_space=\u00bb1&#8243; css=\u00bb.vc_custom_1525855960545{margin-top: 0px !important;margin-right: 0px !important;margin-bottom: 0px !important;margin-left: 0px !important;padding-top: 0px !important;padding-right: 0px !important;padding-bottom: 0px !important;padding-left: 0px !important;background-color: #303033 !important;}\u00bb][vc_column width=\u00bb1\/2&#8243; css=\u00bb.vc_custom_1525855742551{margin-top: -30px !important;}\u00bb][vc_single_image image=\u00bb15424&#8243; img_size=\u00bbfull\u00bb][\/vc_column][vc_column width=\u00bb1\/4&#8243; offset=\u00bbvc_hidden-xs\u00bb][vc_single_image image=\u00bb15423&#8243; img_size=\u00bbfull\u00bb css=\u00bb.vc_custom_1526549032013{padding-top: 10px !important;}\u00bb][\/vc_column][vc_column width=\u00bb1\/4&#8243; offset=\u00bbvc_hidden-xs\u00bb][vc_btn title=\u00bbDEMANAR PRESSUPOST\u00bb style=\u00bbgradient-custom\u00bb gradient_custom_color_1=\u00bb#25a6b9&#8243; gradient_custom_color_2=\u00bb#e22893&#8243; shape=\u00bbround\u00bb size=\u00bblg\u00bb align=\u00bbleft\u00bb css=\u00bb.vc_custom_1786966853344{padding-top: 20px !important;}\u00bb link=\u00bburl:https%3A%2F%2Fbadabus.com%2Fca%2Fpressupost-lloguer-dautobusos%2F\u00bb][\/vc_column][\/vc_row]<\/p>\n<\/div>","protected":false},"excerpt":{"rendered":"<p>[vc_row][vc_column css=\u00bb.vc_custom_1545039226449{padding-bottom: 30px !important;}\u00bb][vc_column_text css=\u00bb\u00bb] POL\u00cdTICA DE PRIVACITAT La present Pol\u00edtica de Privacitat regula l&#8217;\u00fas del servei del portal d&#8217;Internet amb adre\u00e7a HTTPS:\/\/BADABUS.COM\/, el responsable del qual, a efectes identificatius, [&hellip;]<\/p>\n","protected":false},"author":1,"featured_media":0,"parent":0,"menu_order":0,"comment_status":"closed","ping_status":"closed","template":"","meta":{"footnotes":""},"class_list":["post-14895","page","type-page","status-publish","hentry"],"_links":{"self":[{"href":"https:\/\/badabus.com\/ca\/wp-json\/wp\/v2\/pages\/14895","targetHints":{"allow":["GET"]}}],"collection":[{"href":"https:\/\/badabus.com\/ca\/wp-json\/wp\/v2\/pages"}],"about":[{"href":"https:\/\/badabus.com\/ca\/wp-json\/wp\/v2\/types\/page"}],"author":[{"embeddable":true,"href":"https:\/\/badabus.com\/ca\/wp-json\/wp\/v2\/users\/1"}],"replies":[{"embeddable":true,"href":"https:\/\/badabus.com\/ca\/wp-json\/wp\/v2\/comments?post=14895"}],"version-history":[{"count":6,"href":"https:\/\/badabus.com\/ca\/wp-json\/wp\/v2\/pages\/14895\/revisions"}],"predecessor-version":[{"id":15955,"href":"https:\/\/badabus.com\/ca\/wp-json\/wp\/v2\/pages\/14895\/revisions\/15955"}],"wp:attachment":[{"href":"https:\/\/badabus.com\/ca\/wp-json\/wp\/v2\/media?parent=14895"}],"curies":[{"name":"wp","href":"https:\/\/api.w.org\/{rel}","templated":true}]}}

Política de privacitat CAT

<div class="wpb-content-wrapper"><p>[vc_row][vc_column css=».vc_custom_1545039226449{padding-bottom: 30px !important;}»][vc_column_text css=»»]</p>
<h2 style="text-align: center;"><b>POLÍTICA DE PRIVACITAT</b></h2>
<p><span style="font-weight: 400;">La present Política de Privacitat regula l&#8217;ús del servei del portal d&#8217;Internet amb adreça HTTPS://BADABUS.COM/, el responsable del qual, a efectes identificatius, és:</span></p>
<ul>
<li style="font-weight: 400;" aria-level="1"><span style="font-weight: 400;">Responsable: AUTOCARS BADABUS SL</span></li>
<li style="font-weight: 400;" aria-level="1"><span style="font-weight: 400;">NIF: B65519621</span></li>
<li style="font-weight: 400;" aria-level="1"><span style="font-weight: 400;">Adreça: METALURGIA, 51</span></li>
<li style="font-weight: 400;" aria-level="1"><span style="font-weight: 400;">Telèfon: 699392034</span></li>
<li style="font-weight: 400;" aria-level="1"><span style="font-weight: 400;">Correu electrònic: MARIA.BERNADES@BADABUS.COM</span></li>
</ul>
<h3><b>1. Finalitat, per a què tractem les seves dades?</b></h3>
<p><span style="font-weight: 400;">A l&#8217;efecte del que preveu el RGPD de 27 d&#8217;abril de 2016 i la LO 3/2018, tractarem les dades que recollim per a les finalitats següents:</span></p>
<ul>
<li style="font-weight: 400;" aria-level="1"><span style="font-weight: 400;">Contactar amb vostè en cas que ens ho demani.</span></li>
<li style="font-weight: 400;" aria-level="1"><span style="font-weight: 400;">Gestionar la seva navegació al web, si escau.</span></li>
<li style="font-weight: 400;" aria-level="1"><span style="font-weight: 400;">Enviar-li comunicacions comercials sobre els nostres productes i serveis.</span></li>
</ul>
<p><span style="font-weight: 400;">Amb aquesta finalitat, l&#8217;usuari disposarà d&#8217;un formulari de registre l&#8217;emplenament del qual legitimarà l&#8217;interessat per accedir i gaudir de determinats serveis oferts al web.</span></p>
<p><span style="font-weight: 400;">No obstant això, s&#8217;informa l&#8217;usuari que en tot formulari de contacte serà informat de l&#8217;ús que es farà de les dades obtingudes i que, si s&#8217;utilitzen per a una finalitat diferent, aquest consentiment s&#8217;obtindrà prèviament i de manera expressa.</span></p>
<p><span style="font-weight: 400;">Si el consentiment de l&#8217;interessat es dona en el context d&#8217;una declaració escrita que també es refereixi a altres assumptes, la sol·licitud de consentiment es presentarà de manera que es distingeixi clarament dels altres assumptes, de forma intel·ligible i de fàcil accés, i utilitzant un llenguatge clar i senzill, de conformitat amb l&#8217;article 7.2 del RGPD de 27 d&#8217;abril de 2016.</span></p>
<h3><b>2. Legitimació, quina és la legitimació per al tractament de les seves dades?</b></h3>
<p><span style="font-weight: 400;">La base legal per al tractament de les seves dades es fonamentarà en:</span></p>
<ul>
<li style="font-weight: 400;" aria-level="1"><span style="font-weight: 400;">El consentiment de l&#8217;interessat per al tractament de les seves dades, d&#8217;acord amb l&#8217;article 6.1.a) del Reglament General Europeu de Protecció de Dades.</span></li>
<li style="font-weight: 400;" aria-level="1"><span style="font-weight: 400;">L&#8217;execució necessària d&#8217;un contracte en què l&#8217;interessat és part o l&#8217;aplicació, a petició seva, de mesures precontractuals, d&#8217;acord amb l&#8217;article 6.1.b) del Reglament General Europeu de Protecció de Dades.</span></li>
</ul>
<h3><b>3. Destinataris, a qui comuniquem les seves dades?</b></h3>
<p><span style="font-weight: 400;">Les dades personals no seran objecte de cessió, llevat del compliment d&#8217;obligacions establertes legalment o per donar suport als serveis vinculats a aquest tractament.</span></p>
<h3><b>4. Conservació, durant quant de temps conservem les seves dades?</b></h3>
<p><span style="font-weight: 400;">Conservarem les seves dades de caràcter personal durant almenys 5 anys en cas que sigui client i per al compliment estricte de les obligacions legals establertes a la normativa.</span></p>
<p><span style="font-weight: 400;">En cas que no sigui client, conservarem les seves dades el temps mínim indispensable per gestionar la nostra relació.</span></p>
<h3><b>5. Drets, quins són els seus drets quan ens facilita les seves dades?</b></h3>
<p><span style="font-weight: 400;">Qualsevol persona té dret a obtenir confirmació sobre si s&#8217;estan tractant dades personals que la concerneixen.</span></p>
<p><span style="font-weight: 400;">Les persones interessades tenen dret a accedir a les seves dades personals, així com a sol·licitar la rectificació de les dades inexactes o, si escau, sol·licitar-ne la supressió quan, entre altres motius, les dades ja no siguin necessàries per a les finalitats per a les quals es van recollir.</span></p>
<p><span style="font-weight: 400;">En determinades circumstàncies, les persones interessades podran sol·licitar la limitació del tractament de les seves dades; en aquest cas, només les conservarem per a l&#8217;exercici o la defensa de reclamacions.</span></p>
<p><span style="font-weight: 400;">En determinades circumstàncies i per motius relacionats amb la seva situació particular, les persones interessades podran oposar-se al tractament de les seves dades. En aquest cas, deixarem de tractar-les, llevat de motius legítims o de l&#8217;exercici o la defensa de possibles reclamacions.</span></p>
<p><span style="font-weight: 400;">Les persones interessades podran sol·licitar la portabilitat de les dades per obtenir les que han proporcionat en un format estructurat, d&#8217;ús comú i de lectura mecànica, per descarregar-les elles mateixes o transmetre-les a una altra entitat.</span></p>
<p><span style="font-weight: 400;">La persona interessada pot exercir els seus drets enviant un correu electrònic a l&#8217;adreça MARIA.BERNADES@BADABUS.COM o, si escau, a l&#8217;adreça física METALURGIA, 51.</span></p>
<h3><b>6. Consentiment de menors, què passa si és menor d&#8217;edat?</b></h3>
<p><span style="font-weight: 400;">En el supòsit que algun dels nostres serveis vagi dirigit específicament a menors de catorze anys, sol·licitarem la conformitat dels pares o tutors per a la recollida de les dades personals o, si escau, per al tractament automatitzat de les dades, d&#8217;acord amb l&#8217;article 7 de la LOPDGDD.</span></p>
<h3><b>7. Exactitud, veracitat i seguretat de les dades, com tractem les seves dades?</b></h3>
<p><span style="font-weight: 400;">L&#8217;Usuari és l&#8217;únic responsable de la veracitat i la correcció de les dades incloses, i ens exonera de qualsevol responsabilitat al respecte. Els usuaris garanteixen i responen, en qualsevol cas, de l&#8217;exactitud, la vigència i l&#8217;autenticitat de les dades personals facilitades, i es comprometen a mantenir-les degudament actualitzades. L&#8217;usuari accepta proporcionar informació completa i correcta en els formularis de registre o subscripció. No respondrem de la veracitat de les informacions que no siguin d&#8217;elaboració pròpia i de les quals s&#8217;indiqui una altra font, per la qual cosa tampoc no assumim cap responsabilitat pel que fa a hipotètics perjudicis que es puguin originar per l&#8217;ús d&#8217;aquesta informació.</span></p>
<p><span style="font-weight: 400;">També ens reservem el dret d&#8217;actualitzar, modificar o eliminar la informació continguda al web, i fins i tot podem limitar o no permetre l&#8217;accés a aquesta informació. No serem responsables de cap dany o perjudici que pugui patir l&#8217;Usuari com a conseqüència d&#8217;errors, defectes o omissions en la informació facilitada pel responsable, sempre que provingui de fonts alienes.</span></p>
<p><span style="font-weight: 400;">Les dades es tractaran de manera confidencial i amb la subjecció a mesures tècniques i organitzatives de seguretat adequades per evitar-ne l&#8217;alteració, la pèrdua, el tractament o l&#8217;accés no autoritzat.</span></p>
<p><span style="font-weight: 400;">Podrà presentar una reclamació davant l&#8217;Agència Espanyola de Protecció de Dades, especialment quan no hagi obtingut satisfacció en l&#8217;exercici dels seus drets, a l&#8217;adreça postal i/o electrònica indicada a la pàgina</span><a href="http://www.aepd.es"> <span style="font-weight: 400;">www.aepd.es</span></a><span style="font-weight: 400;">.</span>[/vc_column_text][/vc_column][/vc_row][vc_row row_fullwidth=»1&#8243; row_zero_column_space=»1&#8243; css=».vc_custom_1525855960545{margin-top: 0px !important;margin-right: 0px !important;margin-bottom: 0px !important;margin-left: 0px !important;padding-top: 0px !important;padding-right: 0px !important;padding-bottom: 0px !important;padding-left: 0px !important;background-color: #303033 !important;}»][vc_column width=»1/2&#8243; css=».vc_custom_1525855742551{margin-top: -30px !important;}»][vc_single_image image=»15424&#8243; img_size=»full»][/vc_column][vc_column width=»1/4&#8243; offset=»vc_hidden-xs»][vc_single_image image=»15423&#8243; img_size=»full» css=».vc_custom_1526549032013{padding-top: 10px !important;}»][/vc_column][vc_column width=»1/4&#8243; offset=»vc_hidden-xs»][vc_btn title=»DEMANAR PRESSUPOST» style=»gradient-custom» gradient_custom_color_1=»#25a6b9&#8243; gradient_custom_color_2=»#e22893&#8243; shape=»round» size=»lg» align=»left» css=».vc_custom_1786966853344{padding-top: 20px !important;}» link=»url:https%3A%2F%2Fbadabus.com%2Fca%2Fpressupost-lloguer-dautobusos%2F»][/vc_column][/vc_row]</p>
</div>

<p>[vc_row][vc_column css=».vc_custom_1545039226449{padding-bottom: 30px !important;}»][vc_column_text css=»»] POLÍTICA DE PRIVACITAT La present Política de Privacitat regula l&#8217;ús del servei del portal d&#8217;Internet amb adreça HTTPS://BADABUS.COM/, el responsable del qual, a efectes identificatius, [&hellip;]</p>
